{"id":128,"date":"2020-06-26T12:25:12","date_gmt":"2020-06-26T10:25:12","guid":{"rendered":"https:\/\/www.elebe.at\/?page_id=128"},"modified":"2026-04-12T17:55:31","modified_gmt":"2026-04-12T15:55:31","slug":"trabajar-con-elebe","status":"publish","type":"page","link":"https:\/\/www.elebe.at\/es\/trabajar-con-elebe\/","title":{"rendered":"Trabajar en elebe"},"content":{"rendered":"\n<div class=\"wp-block-cover alignfull is-light\"><img loading=\"lazy\" decoding=\"async\" width=\"1349\" height=\"850\" class=\"wp-block-cover__image-background wp-image-18756 size-full\" alt=\"Raum 1 - Tag der offenen T\u00fcr\" src=\"https:\/\/www.elebe.at\/wp-content\/uploads\/elebe-Aula-1-gente.jpg\" data-object-fit=\"cover\" srcset=\"https:\/\/www.elebe.at\/wp-content\/uploads\/elebe-Aula-1-gente.jpg 1349w, https:\/\/www.elebe.at\/wp-content\/uploads\/elebe-Aula-1-gente-400x252.jpg 400w, https:\/\/www.elebe.at\/wp-content\/uploads\/elebe-Aula-1-gente-768x484.jpg 768w, https:\/\/www.elebe.at\/wp-content\/uploads\/elebe-Aula-1-gente-600x378.jpg 600w\" sizes=\"auto, (max-width: 1349px) 100vw, 1349px\" \/><span aria-hidden=\"true\" class=\"wp-block-cover__background has-light-background-color has-background-dim-80 has-background-dim\"><\/span><div class=\"wp-block-cover__inner-container is-layout-flow wp-block-cover-is-layout-flow\">\n<div class=\"wp-block-group is-content-justification-space-between is-nowrap is-layout-flex wp-container-core-group-is-layout-cb46ffcb wp-block-group-is-layout-flex\"><h1 class=\"wp-block-post-title\">Trabajar en elebe<\/h1>\n\n\n<figure class=\"wp-block-image size-full is-resized\"><img decoding=\"async\" src=\"https:\/\/www.elebe.at\/wp-content\/uploads\/icono-manos-rojo.svg\" alt=\"Raum 1 - Tag der offenen T\u00fcr\" title=\"Raum 1 - Tag der offenen T\u00fcr\"  class=\"wp-image-19754\" style=\"width:auto;height:100px\"\/><\/figure>\n<\/div>\n\n\n\n<div class=\"wp-block-columns is-layout-flex wp-container-core-columns-is-layout-28f84493 wp-block-columns-is-layout-flex\">\n<div class=\"wp-block-column is-layout-flow wp-block-column-is-layout-flow\">\n<p class=\"has-medium-font-size\">En elebe buscamos personas apasionadas por la ense\u00f1anza del espa\u00f1ol, con vocaci\u00f3n docente, sensibilidad intercultural y ganas de formar parte de un equipo cercano y comprometido.<\/p>\n<\/div>\n\n\n\n<div class=\"wp-block-column is-layout-flow wp-block-column-is-layout-flow\">\n<p class=\"has-medium-font-size\">Si te identificas con nuestra manera de ense\u00f1ar y te motiva crear experiencias de aprendizaje din\u00e1micas y humanas, nos encantar\u00e1 conocerte.<\/p>\n<\/div>\n<\/div>\n\n\n\n<div class=\"wp-block-group alignfull has-global-padding is-layout-constrained wp-block-group-is-layout-constrained\"><\/div><br>\n<\/div><\/div>\n\n<div class=\"wp-block-group alignfull has-light-background-color has-background has-global-padding is-layout-constrained wp-block-group-is-layout-constrained\">\n<div class=\"wp-block-columns is-layout-flex wp-container-core-columns-is-layout-28f84493 wp-block-columns-is-layout-flex\">\n<div class=\"wp-block-column is-layout-flow wp-block-column-is-layout-flow\">\n<div class=\"wp-block-group is-content-justification-space-between is-nowrap is-layout-flex wp-container-core-group-is-layout-cb46ffcb wp-block-group-is-layout-flex\">\n<h2 class=\"wp-block-heading has-medium-font-size\">Requisitos<\/h2>\n\n\n\n<figure class=\"wp-block-image size-full is-resized\"><img decoding=\"async\" src=\"https:\/\/www.elebe.at\/wp-content\/uploads\/icono-libro-click-rojo.svg\" alt=\"\" class=\"wp-image-19772\" style=\"width:auto;height:80px\"\/><\/figure>\n<\/div>\n\n\n\n<ul class=\"wp-block-list wp-block-list\">\n<li>Grado o licenciatura en Lenguas Modernas, Estudios Hisp\u00e1nicos o titulaci\u00f3n equivalente<\/li>\n\n\n\n<li>M\u00e1ster de Profesorado y\/o M\u00e1ster en Ense\u00f1anza de Espa\u00f1ol como Lengua Extranjera (ELE)<\/li>\n\n\n\n<li>M\u00ednimo 100 horas de formaci\u00f3n pedag\u00f3gica demostrable<\/li>\n\n\n\n<li>Residencia en Viena<\/li>\n\n\n\n<li>Pasi\u00f3n por la ense\u00f1anza, actitud proactiva y ganas de trabajar en equipo<\/li>\n<\/ul>\n<\/div>\n\n\n\n<div class=\"wp-block-column is-layout-flow wp-block-column-is-layout-flow\">\n<div class=\"wp-block-group is-content-justification-space-between is-nowrap is-layout-flex wp-container-core-group-is-layout-cb46ffcb wp-block-group-is-layout-flex\">\n<h2 class=\"wp-block-heading has-medium-font-size\">Qu\u00e9 ofrecemos<\/h2>\n\n\n\n<figure class=\"wp-block-image size-full is-resized\"><img decoding=\"async\" src=\"https:\/\/www.elebe.at\/wp-content\/uploads\/icono-escritorio-rojo.svg\" alt=\"\" class=\"wp-image-19755\" style=\"width:auto;height:80px\"\/><\/figure>\n<\/div>\n\n\n\n<ul class=\"wp-block-list wp-block-list\">\n<li>Un entorno de trabajo cercano y colaborativo<\/li>\n\n\n\n<li>Grupos reducidos y ense\u00f1anza de calidad<\/li>\n\n\n\n<li>Flexibilidad y apoyo pedag\u00f3gico<\/li>\n\n\n\n<li>La oportunidad de crecer profesionalmente dentro de un proyecto educativo con identidad propia<\/li>\n<\/ul>\n<\/div>\n<\/div>\n<\/div>\n\n<div class=\"wp-block-cover alignfull is-light has-white-color has-text-color has-link-color wp-elements-14e1c747257dcdd3169855fb18fcb898\" style=\"min-height:422px;aspect-ratio:unset;\"><img loading=\"lazy\" decoding=\"async\" width=\"1000\" height=\"667\" class=\"wp-block-cover__image-background wp-image-195\" alt=\"foto en blanco y negro de un grupo en una clase\" title=\"foto en blanco y negro de un grupo en una clase\"  src=\"https:\/\/www.elebe.at\/wp-content\/uploads\/Imagen_Equipo_byn_ELEBE.jpg\" style=\"object-position:40% 24%\" data-object-fit=\"cover\" data-object-position=\"40% 24%\" srcset=\"https:\/\/www.elebe.at\/wp-content\/uploads\/Imagen_Equipo_byn_ELEBE.jpg 1000w, https:\/\/www.elebe.at\/wp-content\/uploads\/Imagen_Equipo_byn_ELEBE-400x267.jpg 400w, https:\/\/www.elebe.at\/wp-content\/uploads\/Imagen_Equipo_byn_ELEBE-768x512.jpg 768w\" sizes=\"auto, (max-width: 1000px) 100vw, 1000px\" \/><span aria-hidden=\"true\" class=\"wp-block-cover__background has-purple-background-color has-background-dim-80 has-background-dim\"><\/span><div class=\"wp-block-cover__inner-container is-layout-flow wp-block-cover-is-layout-flow\">\n<p class=\"has-text-align-center has-large-font-size\"><span style=\"font-weight: 400;\">Si te interesa formar parte de elebe, env\u00edanos tu CV y una breve presentaci\u00f3n a info@elebe.at.<\/span><br\/><br\/><b>\u00a1Te esperamos!<\/b><\/p>\n<\/div><\/div>\n\n<p><\/p>\n","protected":false},"excerpt":{"rendered":"<p>Requisitos Qu\u00e9 ofrecemos [&#8230;]<\/p>\n<p><a class=\"read-more-arrow\" href=\"https:\/\/www.elebe.at\/es\/trabajar-con-elebe\/\"><svg width=\"106\" height=\"31\" id=\"Capa_2\" xmlns=\"http:\/\/www.w3.org\/2000\/svg\" viewBox=\"0 0 105.75 31.05\">\n                <g id=\"Capa_1-2\" fill=\"var(--bs-primary)\">\n                    <path class=\"cls-1\" d=\"M97.42,8.06c-.44-.46-.68-.74-.96-.98-1.25-1.09-2.51-2.16-3.75-3.26-.37-.33-.75-.66-1.06-1.04-.65-.81-.68-1.64-.13-2.26.56-.63,1.38-.7,2.25-.16.28.17.54.39.79.6,3.06,2.62,6.12,5.24,9.17,7.88.46.4.92.81,1.29,1.28,1.12,1.39.92,2.84-.53,3.85-.49.34-1.06.6-1.6.86-2.99,1.41-6,2.81-8.99,4.22-1.66.78-2.02.8-3.66.07-.13-1.46.74-2.33,1.91-2.94,2.06-1.06,4.16-2.05,6.24-3.07.47-.23.93-.47,1.35-.85-2.57-.99-5.17-1.31-7.76-.53-2.11.63-4.18,1.43-6.18,2.34-4.3,1.95-8.14,4.65-11.94,7.41-2.28,1.65-4.52,3.38-6.91,4.85-2.25,1.38-4.63,2.56-7.04,3.64-1.24.55-2.64.81-3.99,1-3.01.42-5.58-.58-7.52-2.91-.91-1.09-1.69-2.32-2.36-3.58-.83-1.55-1.48-3.2-2.23-4.8-.66-1.4-1.27-2.83-2.03-4.16-2.33-4.06-5.35-5.57-9.97-4.68-2.42.47-4.83,1.23-7.07,2.23-7.84,3.49-14.82,8.29-20.89,14.38-.47.47-.94.95-1.48,1.31-.59.4-1.26.4-1.83-.11-.56-.51-.65-1.17-.34-1.82.23-.49.57-.96.96-1.33,1.83-1.75,3.62-3.57,5.58-5.18,5.57-4.59,11.64-8.38,18.35-11.1,2.51-1.02,5.1-1.78,7.83-1.96,4.63-.3,8.34,1.36,10.92,5.23,1.03,1.55,1.85,3.26,2.67,4.94.98,1.98,1.77,4.05,2.8,6,2.25,4.24,4.64,5.23,9.13,3.5,2.45-.95,4.8-2.24,7.04-3.62,2.44-1.5,4.71-3.27,7.04-4.96,3.72-2.69,7.51-5.26,11.69-7.19,1.8-.83,3.66-1.55,5.52-2.23,2.1-.77,4.29-1.02,6.52-.88.3.02.61.02,1.19.03Z\"\/>\n                <\/g>\n                <\/svg><\/a><\/p>\n","protected":false},"author":1,"featured_media":195,"parent":0,"menu_order":56,"comment_status":"closed","ping_status":"closed","template":"page-templates\/no-title.php","meta":{"_acf_changed":false,"productId":0,"courseId":0,"footnotes":""},"class_list":["post-128","page","type-page","status-publish","has-post-thumbnail","hentry"],"acf":[],"_links":{"self":[{"href":"https:\/\/www.elebe.at\/es\/wp-json\/wp\/v2\/pages\/128","targetHints":{"allow":["GET"]}}],"collection":[{"href":"https:\/\/www.elebe.at\/es\/wp-json\/wp\/v2\/pages"}],"about":[{"href":"https:\/\/www.elebe.at\/es\/wp-json\/wp\/v2\/types\/page"}],"author":[{"embeddable":true,"href":"https:\/\/www.elebe.at\/es\/wp-json\/wp\/v2\/users\/1"}],"replies":[{"embeddable":true,"href":"https:\/\/www.elebe.at\/es\/wp-json\/wp\/v2\/comments?post=128"}],"version-history":[{"count":9,"href":"https:\/\/www.elebe.at\/es\/wp-json\/wp\/v2\/pages\/128\/revisions"}],"predecessor-version":[{"id":20054,"href":"https:\/\/www.elebe.at\/es\/wp-json\/wp\/v2\/pages\/128\/revisions\/20054"}],"wp:featuredmedia":[{"embeddable":true,"href":"https:\/\/www.elebe.at\/es\/wp-json\/wp\/v2\/media\/195"}],"wp:attachment":[{"href":"https:\/\/www.elebe.at\/es\/wp-json\/wp\/v2\/media?parent=128"}],"curies":[{"name":"wp","href":"https:\/\/api.w.org\/{rel}","templated":true}]}}

<div class="wp-block-cover alignfull is-light"><img loading="lazy" decoding="async" width="1349" height="850" class="wp-block-cover__image-background wp-image-18756 size-full" alt="Raum 1 - Tag der offenen Tür" src="https://www.elebe.at/wp-content/uploads/elebe-Aula-1-gente.jpg" data-object-fit="cover" srcset="https://www.elebe.at/wp-content/uploads/elebe-Aula-1-gente.jpg 1349w, https://www.elebe.at/wp-content/uploads/elebe-Aula-1-gente-400x252.jpg 400w, https://www.elebe.at/wp-content/uploads/elebe-Aula-1-gente-768x484.jpg 768w, https://www.elebe.at/wp-content/uploads/elebe-Aula-1-gente-600x378.jpg 600w" sizes="auto, (max-width: 1349px) 100vw, 1349px" /><span aria-hidden="true" class="wp-block-cover__background has-light-background-color has-background-dim-80 has-background-dim"></span><div class="wp-block-cover__inner-container is-layout-flow wp-block-cover-is-layout-flow">
<div class="wp-block-group is-content-justification-space-between is-nowrap is-layout-flex wp-container-core-group-is-layout-cb46ffcb wp-block-group-is-layout-flex"><h1 class="wp-block-post-title">Trabajar en elebe</h1>


<figure class="wp-block-image size-full is-resized"><img decoding="async" src="https://www.elebe.at/wp-content/uploads/icono-manos-rojo.svg" alt="Raum 1 - Tag der offenen Tür" title="Raum 1 - Tag der offenen Tür"  class="wp-image-19754" style="width:auto;height:100px"/></figure>
</div>



<div class="wp-block-columns is-layout-flex wp-container-core-columns-is-layout-28f84493 wp-block-columns-is-layout-flex">
<div class="wp-block-column is-layout-flow wp-block-column-is-layout-flow">
<p class="has-medium-font-size">En elebe buscamos personas apasionadas por la enseñanza del español, con vocación docente, sensibilidad intercultural y ganas de formar parte de un equipo cercano y comprometido.</p>
</div>



<div class="wp-block-column is-layout-flow wp-block-column-is-layout-flow">
<p class="has-medium-font-size">Si te identificas con nuestra manera de enseñar y te motiva crear experiencias de aprendizaje dinámicas y humanas, nos encantará conocerte.</p>
</div>
</div>



<div class="wp-block-group alignfull has-global-padding is-layout-constrained wp-block-group-is-layout-constrained"></div><br>
</div></div>

<div class="wp-block-group alignfull has-light-background-color has-background has-global-padding is-layout-constrained wp-block-group-is-layout-constrained">
<div class="wp-block-columns is-layout-flex wp-container-core-columns-is-layout-28f84493 wp-block-columns-is-layout-flex">
<div class="wp-block-column is-layout-flow wp-block-column-is-layout-flow">
<div class="wp-block-group is-content-justification-space-between is-nowrap is-layout-flex wp-container-core-group-is-layout-cb46ffcb wp-block-group-is-layout-flex">
<h2 class="wp-block-heading has-medium-font-size">Requisitos</h2>



<figure class="wp-block-image size-full is-resized"><img decoding="async" src="https://www.elebe.at/wp-content/uploads/icono-libro-click-rojo.svg" alt="" class="wp-image-19772" style="width:auto;height:80px"/></figure>
</div>



<ul class="wp-block-list wp-block-list">
<li>Grado o licenciatura en Lenguas Modernas, Estudios Hispánicos o titulación equivalente</li>



<li>Máster de Profesorado y/o Máster en Enseñanza de Español como Lengua Extranjera (ELE)</li>



<li>Mínimo 100 horas de formación pedagógica demostrable</li>



<li>Residencia en Viena</li>



<li>Pasión por la enseñanza, actitud proactiva y ganas de trabajar en equipo</li>
</ul>
</div>



<div class="wp-block-column is-layout-flow wp-block-column-is-layout-flow">
<div class="wp-block-group is-content-justification-space-between is-nowrap is-layout-flex wp-container-core-group-is-layout-cb46ffcb wp-block-group-is-layout-flex">
<h2 class="wp-block-heading has-medium-font-size">Qué ofrecemos</h2>



<figure class="wp-block-image size-full is-resized"><img decoding="async" src="https://www.elebe.at/wp-content/uploads/icono-escritorio-rojo.svg" alt="" class="wp-image-19755" style="width:auto;height:80px"/></figure>
</div>



<ul class="wp-block-list wp-block-list">
<li>Un entorno de trabajo cercano y colaborativo</li>



<li>Grupos reducidos y enseñanza de calidad</li>



<li>Flexibilidad y apoyo pedagógico</li>



<li>La oportunidad de crecer profesionalmente dentro de un proyecto educativo con identidad propia</li>
</ul>
</div>
</div>
</div>

<div class="wp-block-cover alignfull is-light has-white-color has-text-color has-link-color wp-elements-14e1c747257dcdd3169855fb18fcb898" style="min-height:422px;aspect-ratio:unset;"><img loading="lazy" decoding="async" width="1000" height="667" class="wp-block-cover__image-background wp-image-195" alt="foto en blanco y negro de un grupo en una clase" title="foto en blanco y negro de un grupo en una clase"  src="https://www.elebe.at/wp-content/uploads/Imagen_Equipo_byn_ELEBE.jpg" style="object-position:40% 24%" data-object-fit="cover" data-object-position="40% 24%" srcset="https://www.elebe.at/wp-content/uploads/Imagen_Equipo_byn_ELEBE.jpg 1000w, https://www.elebe.at/wp-content/uploads/Imagen_Equipo_byn_ELEBE-400x267.jpg 400w, https://www.elebe.at/wp-content/uploads/Imagen_Equipo_byn_ELEBE-768x512.jpg 768w" sizes="auto, (max-width: 1000px) 100vw, 1000px" /><span aria-hidden="true" class="wp-block-cover__background has-purple-background-color has-background-dim-80 has-background-dim"></span><div class="wp-block-cover__inner-container is-layout-flow wp-block-cover-is-layout-flow">
<p class="has-text-align-center has-large-font-size"><span style="font-weight: 400;">Si te interesa formar parte de elebe, envíanos tu CV y una breve presentación a info@elebe.at.</span><br/><br/><b>¡Te esperamos!</b></p>
</div></div>

<p></p>

<p>Requisitos Qué ofrecemos [&#8230;]</p>
<p><a class="read-more-arrow" href="https://www.elebe.at/es/trabajar-con-elebe/"><svg width="106" height="31" id="Capa_2" xmlns="http://www.w3.org/2000/svg" viewBox="0 0 105.75 31.05">
                <g id="Capa_1-2" fill="var(--bs-primary)">
                    <path class="cls-1" d="M97.42,8.06c-.44-.46-.68-.74-.96-.98-1.25-1.09-2.51-2.16-3.75-3.26-.37-.33-.75-.66-1.06-1.04-.65-.81-.68-1.64-.13-2.26.56-.63,1.38-.7,2.25-.16.28.17.54.39.79.6,3.06,2.62,6.12,5.24,9.17,7.88.46.4.92.81,1.29,1.28,1.12,1.39.92,2.84-.53,3.85-.49.34-1.06.6-1.6.86-2.99,1.41-6,2.81-8.99,4.22-1.66.78-2.02.8-3.66.07-.13-1.46.74-2.33,1.91-2.94,2.06-1.06,4.16-2.05,6.24-3.07.47-.23.93-.47,1.35-.85-2.57-.99-5.17-1.31-7.76-.53-2.11.63-4.18,1.43-6.18,2.34-4.3,1.95-8.14,4.65-11.94,7.41-2.28,1.65-4.52,3.38-6.91,4.85-2.25,1.38-4.63,2.56-7.04,3.64-1.24.55-2.64.81-3.99,1-3.01.42-5.58-.58-7.52-2.91-.91-1.09-1.69-2.32-2.36-3.58-.83-1.55-1.48-3.2-2.23-4.8-.66-1.4-1.27-2.83-2.03-4.16-2.33-4.06-5.35-5.57-9.97-4.68-2.42.47-4.83,1.23-7.07,2.23-7.84,3.49-14.82,8.29-20.89,14.38-.47.47-.94.95-1.48,1.31-.59.4-1.26.4-1.83-.11-.56-.51-.65-1.17-.34-1.82.23-.49.57-.96.96-1.33,1.83-1.75,3.62-3.57,5.58-5.18,5.57-4.59,11.64-8.38,18.35-11.1,2.51-1.02,5.1-1.78,7.83-1.96,4.63-.3,8.34,1.36,10.92,5.23,1.03,1.55,1.85,3.26,2.67,4.94.98,1.98,1.77,4.05,2.8,6,2.25,4.24,4.64,5.23,9.13,3.5,2.45-.95,4.8-2.24,7.04-3.62,2.44-1.5,4.71-3.27,7.04-4.96,3.72-2.69,7.51-5.26,11.69-7.19,1.8-.83,3.66-1.55,5.52-2.23,2.1-.77,4.29-1.02,6.52-.88.3.02.61.02,1.19.03Z"/>
                </g>
                </svg></a></p>
