{"id":18227,"date":"2025-12-18T11:16:36","date_gmt":"2025-06-09T09:16:36","guid":{"rendered":"https:\/\/www.elebe.at\/cursos\/espanol-para-las-vacaciones-en-viena\/"},"modified":"2025-12-19T12:17:00","modified_gmt":"2025-12-19T11:17:00","slug":"espanol-para-las-vacaciones-en-viena","status":"publish","type":"product","link":"https:\/\/www.elebe.at\/es\/cursos\/espanol-para-las-vacaciones-en-viena\/","title":{"rendered":"Espa\u00f1ol para las vacaciones en Viena"},"content":{"rendered":"<h2>Nuevo curso para principiantes absolutos: Espa\u00f1ol para las vacaciones<\/h2>\n<h3><b>Marzo de 2026<\/b><\/h3>\n<ul>\n<li>Jueves de 9:30 a 11:20 h &#8211; 28 unidades lectivas<br \/>\nDel 5 de marzo al 25 de junio de 2026<\/li>\n<\/ul>\n<h3>Contenido del curso Espa\u00f1ol para las vacaciones<\/h3>\n<p>En este curso se combina el espa\u00f1ol general con un libro de texto moderno y comunicativo con temas espec\u00edficos relacionados con las vacaciones:<\/p>\n<ul>\n<li>De viaje<\/li>\n<li>En el alojamiento<\/li>\n<li>En la ciudad<\/li>\n<li>En el restaurante<\/li>\n<\/ul>\n<h3>\u00bfTienes previsto hacer un viaje a un pa\u00eds hispanohablante?<\/h3>\n<p>Este curso de iniciaci\u00f3n al espa\u00f1ol tiene como objetivo ofrecerte las herramientas b\u00e1sicas para sobrevivir en un pa\u00eds hispanohablante durante tus vacaciones.<\/p>\n","protected":false},"excerpt":{"rendered":"<p>No hay nada m\u00e1s gratificante que estar en el extranjero y poderse comunicar en la lengua del pa\u00eds. Aprovecha este curso b\u00e1sico para ir preparada a un pa\u00eds de lengua espa\u00f1ola de vacaciones.<\/p>\n<div class=\"wp-block-buttons\">\n<div class=\"wp-block-button is-style-arrow-link\"><a class=\"wp-block-button__link\" href=\"https:\/\/www.elebe.at\/es\/cursos\/espanol-para-las-vacaciones-en-viena\/\">Leer m\u00e1s&#8230;<\/a><\/div>\n<\/div>\n","protected":false},"featured_media":12790,"template":"","meta":{"_acf_changed":false},"product_cat":[122],"product_tag":[133],"class_list":{"0":"post-18227","1":"product","2":"type-product","3":"status-publish","4":"has-post-thumbnail","6":"product_cat-presencial","7":"product_tag-semestral","8":"pa_horario-manana-es","9":"pa_nivel-a1","10":"pa_nivel-a1-1","11":"pa_nivel-inicial-a1-2","12":"idioma-espanol","13":"plan-cultural","14":"plan-student","15":"plan-teacher","16":"plan-welcome","17":"tm-no-options","19":"first","20":"instock","21":"sold-individually","22":"shipping-taxable","23":"purchasable","24":"product-type-variable"},"acf":[],"_links":{"self":[{"href":"https:\/\/www.elebe.at\/es\/wp-json\/wp\/v2\/product\/18227","targetHints":{"allow":["GET"]}}],"collection":[{"href":"https:\/\/www.elebe.at\/es\/wp-json\/wp\/v2\/product"}],"about":[{"href":"https:\/\/www.elebe.at\/es\/wp-json\/wp\/v2\/types\/product"}],"wp:featuredmedia":[{"embeddable":true,"href":"https:\/\/www.elebe.at\/es\/wp-json\/wp\/v2\/media\/12790"}],"wp:attachment":[{"href":"https:\/\/www.elebe.at\/es\/wp-json\/wp\/v2\/media?parent=18227"}],"wp:term":[{"taxonomy":"product_cat","embeddable":true,"href":"https:\/\/www.elebe.at\/es\/wp-json\/wp\/v2\/product_cat?post=18227"},{"taxonomy":"product_tag","embeddable":true,"href":"https:\/\/www.elebe.at\/es\/wp-json\/wp\/v2\/product_tag?post=18227"}],"curies":[{"name":"wp","href":"https:\/\/api.w.org\/{rel}","templated":true}]}}

Español para las vacaciones en Viena

<h2>Nuevo curso para principiantes absolutos: Español para las vacaciones</h2>
<h3><b>Marzo de 2026</b></h3>
<ul>
<li>Jueves de 9:30 a 11:20 h &#8211; 28 unidades lectivas<br />
Del 5 de marzo al 25 de junio de 2026</li>
</ul>
<h3>Contenido del curso Español para las vacaciones</h3>
<p>En este curso se combina el español general con un libro de texto moderno y comunicativo con temas específicos relacionados con las vacaciones:</p>
<ul>
<li>De viaje</li>
<li>En el alojamiento</li>
<li>En la ciudad</li>
<li>En el restaurante</li>
</ul>
<h3>¿Tienes previsto hacer un viaje a un país hispanohablante?</h3>
<p>Este curso de iniciación al español tiene como objetivo ofrecerte las herramientas básicas para sobrevivir en un país hispanohablante durante tus vacaciones.</p>

<p>No hay nada más gratificante que estar en el extranjero y poderse comunicar en la lengua del país. Aprovecha este curso básico para ir preparada a un país de lengua española de vacaciones.</p>
<div class="wp-block-buttons">
<div class="wp-block-button is-style-arrow-link"><a class="wp-block-button__link" href="https://www.elebe.at/es/cursos/espanol-para-las-vacaciones-en-viena/">Leer más&#8230;</a></div>
</div>
