{"id":2110,"date":"2026-03-05T11:00:56","date_gmt":"2026-03-05T10:00:56","guid":{"rendered":"https:\/\/www.elebe.at\/cursos\/espanol-clases-particulares-viena\/"},"modified":"2026-02-12T15:46:23","modified_gmt":"2026-02-12T14:46:23","slug":"espanol-clases-particulares-viena","status":"publish","type":"product","link":"https:\/\/www.elebe.at\/es\/cursos\/espanol-clases-particulares-viena\/","title":{"rendered":"Clases particulares de espa\u00f1ol, en l\u00ednea o presenciales"},"content":{"rendered":"<h2>Clases privadas y grupos reducidos para adultos y j\u00f3venes<\/h2>\n<p><span style=\"font-weight: 400;\">\u00bfEst\u00e1s en el instituto o simplemente quieres aprender espa\u00f1ol? Sea cual sea tu motivo, en elebe te ofrecemos clases en grupos reducidos con personas de tu edad, en una academia din\u00e1mica y cercana, con un equipo de profes motivado que entienden tus necesidades. Aqu\u00ed aprender\u00e1s espa\u00f1ol de forma l\u00fadica, comunicativa y orientada a tus objetivos, ya sea para preparar ex\u00e1menes, aumentar tu motivaci\u00f3n, mejorar tu rendimiento o conocer gente nueva.<\/span><\/p>\n<p><span style=\"font-weight: 400;\">En las clases privadas, los contenidos y objetivos se adaptan de manera individual. Los horarios se acuerdan de forma flexible directamente con el\/la profe. Las clases pueden realizarse online o de forma presencial en Viena. Para clases dentro de Viena (m\u00e1x. 20 minutos en transporte p\u00fablico desde elebe), se aplica una tarifa de desplazamiento de 28 \u20ac por sesi\u00f3n. Para el resto de Austria, consultar.<\/span><\/p>\n<p><i>Precios por hora y n\u00famero de participantes (pago por adelantado):<span style=\"font-weight: 400;\"> *<\/span><\/i><\/p>\n<ul>\n<li style=\"font-weight: 400;\" aria-level=\"1\"><span style=\"font-weight: 400;\">1 persona: 50 \u20ac<\/span><\/li>\n<li style=\"font-weight: 400;\" aria-level=\"1\"><span style=\"font-weight: 400;\">2 personas: 30 \u20ac por persona<\/span><\/li>\n<li style=\"font-weight: 400;\" aria-level=\"1\"><span style=\"font-weight: 400;\">3 personas: 20 \u20ac por persona<\/span><\/li>\n<\/ul>\n<p><i><span style=\"font-weight: 400;\">* Exento de impuestos seg\u00fan \u00a7 6, apartado 1, n\u00ba 11 de la Ley del IVA austriaca.<\/span><\/i><\/p>\n<h3>Importante:<\/h3>\n<p><span style=\"font-weight: 400;\">La reserva m\u00ednima es de una clase doble.<\/span><span style=\"font-weight: 400;\"><br \/>\n<\/span><span style=\"font-weight: 400;\">Los precios indicados son v\u00e1lidos para clases en nuestra academia; el libro de texto se cobra por separado.<\/span><span style=\"font-weight: 400;\"><br \/>\n<\/span><span style=\"font-weight: 400;\">La cancelaci\u00f3n gratuita hasta 24 horas antes del inicio de la clase solo es posible en clases individuales o cursos para empresas.<\/span><\/p>\n","protected":false},"excerpt":{"rendered":"<p>Clases privadas y grupos reducidos para adultos y j\u00f3venes \u00bfEst\u00e1s en el instituto o simplemente quieres aprender espa\u00f1ol? [&#8230;]<\/p>\n<div class=\"wp-block-buttons\">\n<div class=\"wp-block-button is-style-arrow-link\"><a class=\"wp-block-button__link\" href=\"https:\/\/www.elebe.at\/es\/cursos\/espanol-clases-particulares-viena\/\">Leer m\u00e1s&#8230;<\/a><\/div>\n<\/div>\n","protected":false},"featured_media":224,"template":"","meta":{"_acf_changed":false},"product_cat":[978,121,122],"product_tag":[130,504,1526,132],"class_list":{"0":"post-2110","1":"product","2":"type-product","3":"status-publish","4":"has-post-thumbnail","6":"product_cat-clases-particulares","7":"product_cat-online-con-profe","8":"product_cat-presencial","9":"product_tag-particulares","10":"product_tag-cursos-destacados","11":"product_tag-jovenes","12":"product_tag-repaso-y-conversacion","13":"pa_dia-de-la-semana-jueves","14":"pa_dia-de-la-semana-lunes","15":"pa_dia-de-la-semana-martes","16":"pa_dia-de-la-semana-miercoles","17":"pa_dia-de-la-semana-sabado","18":"pa_dia-de-la-semana-viernes","19":"pa_fecha-de-inicio-abril-2026","20":"pa_fecha-de-inicio-mayo-2026","21":"pa_horario-libre-es","22":"pa_horario-manana-es","23":"pa_horario-noche-es","24":"pa_horario-tarde-es","25":"pa_nivel-a1","26":"pa_nivel-a1-1","27":"pa_nivel-a1-2","28":"pa_nivel-a2","29":"pa_nivel-a2-1","30":"pa_nivel-a2-2","31":"pa_nivel-b1","32":"pa_nivel-b1-1","33":"pa_nivel-b1-2","34":"pa_nivel-b2","35":"pa_nivel-b2-1","36":"pa_nivel-b2-2","37":"pa_nivel-c1","38":"pa_nivel-c1-1","39":"pa_nivel-c1-2","40":"idioma-espanol","41":"plan-student","42":"tm-no-options","44":"first","45":"instock","46":"sold-individually","47":"shipping-taxable","48":"purchasable","49":"product-type-variable"},"acf":[],"_links":{"self":[{"href":"https:\/\/www.elebe.at\/es\/wp-json\/wp\/v2\/product\/2110","targetHints":{"allow":["GET"]}}],"collection":[{"href":"https:\/\/www.elebe.at\/es\/wp-json\/wp\/v2\/product"}],"about":[{"href":"https:\/\/www.elebe.at\/es\/wp-json\/wp\/v2\/types\/product"}],"wp:featuredmedia":[{"embeddable":true,"href":"https:\/\/www.elebe.at\/es\/wp-json\/wp\/v2\/media\/224"}],"wp:attachment":[{"href":"https:\/\/www.elebe.at\/es\/wp-json\/wp\/v2\/media?parent=2110"}],"wp:term":[{"taxonomy":"product_cat","embeddable":true,"href":"https:\/\/www.elebe.at\/es\/wp-json\/wp\/v2\/product_cat?post=2110"},{"taxonomy":"product_tag","embeddable":true,"href":"https:\/\/www.elebe.at\/es\/wp-json\/wp\/v2\/product_tag?post=2110"}],"curies":[{"name":"wp","href":"https:\/\/api.w.org\/{rel}","templated":true}]}}

Clases particulares de español, en línea o presenciales

<h2>Clases privadas y grupos reducidos para adultos y jóvenes</h2>
<p><span style="font-weight: 400;">¿Estás en el instituto o simplemente quieres aprender español? Sea cual sea tu motivo, en elebe te ofrecemos clases en grupos reducidos con personas de tu edad, en una academia dinámica y cercana, con un equipo de profes motivado que entienden tus necesidades. Aquí aprenderás español de forma lúdica, comunicativa y orientada a tus objetivos, ya sea para preparar exámenes, aumentar tu motivación, mejorar tu rendimiento o conocer gente nueva.</span></p>
<p><span style="font-weight: 400;">En las clases privadas, los contenidos y objetivos se adaptan de manera individual. Los horarios se acuerdan de forma flexible directamente con el/la profe. Las clases pueden realizarse online o de forma presencial en Viena. Para clases dentro de Viena (máx. 20 minutos en transporte público desde elebe), se aplica una tarifa de desplazamiento de 28 € por sesión. Para el resto de Austria, consultar.</span></p>
<p><i>Precios por hora y número de participantes (pago por adelantado):<span style="font-weight: 400;"> *</span></i></p>
<ul>
<li style="font-weight: 400;" aria-level="1"><span style="font-weight: 400;">1 persona: 50 €</span></li>
<li style="font-weight: 400;" aria-level="1"><span style="font-weight: 400;">2 personas: 30 € por persona</span></li>
<li style="font-weight: 400;" aria-level="1"><span style="font-weight: 400;">3 personas: 20 € por persona</span></li>
</ul>
<p><i><span style="font-weight: 400;">* Exento de impuestos según § 6, apartado 1, nº 11 de la Ley del IVA austriaca.</span></i></p>
<h3>Importante:</h3>
<p><span style="font-weight: 400;">La reserva mínima es de una clase doble.</span><span style="font-weight: 400;"><br />
</span><span style="font-weight: 400;">Los precios indicados son válidos para clases en nuestra academia; el libro de texto se cobra por separado.</span><span style="font-weight: 400;"><br />
</span><span style="font-weight: 400;">La cancelación gratuita hasta 24 horas antes del inicio de la clase solo es posible en clases individuales o cursos para empresas.</span></p>

<p>Clases privadas y grupos reducidos para adultos y jóvenes ¿Estás en el instituto o simplemente quieres aprender español? [&#8230;]</p>
<div class="wp-block-buttons">
<div class="wp-block-button is-style-arrow-link"><a class="wp-block-button__link" href="https://www.elebe.at/es/cursos/espanol-clases-particulares-viena/">Leer más&#8230;</a></div>
</div>
