{"id":21319,"date":"2026-09-04T08:33:58","date_gmt":"2026-09-04T06:33:58","guid":{"rendered":"https:\/\/www.elebe.at\/cursos\/spanisch-nachhilfe-online-fuer-jugendliche\/"},"modified":"2026-09-04T09:16:40","modified_gmt":"2026-09-04T07:16:40","slug":"spanisch-nachhilfe-online-fuer-jugendliche","status":"publish","type":"product","link":"https:\/\/www.elebe.at\/es\/cursos\/spanisch-nachhilfe-online-fuer-jugendliche\/","title":{"rendered":"Espa\u00f1ol online para j\u00f3venes"},"content":{"rendered":"<h2>Curso intensivo de espa\u00f1ol durante las vacaciones: online para j\u00f3venes de toda Austria<\/h2>\n<p>Aprender espa\u00f1ol de forma intensiva durante las vacaciones: clases online para j\u00f3venes de toda Austria<\/p>\n<p>Clases particulares de espa\u00f1ol online para j\u00f3venes: aprender de forma espec\u00edfica, ponerse al d\u00eda con el temario y afrontar el pr\u00f3ximo examen con una buena preparaci\u00f3n.<\/p>\n<p>Las vacaciones son la ocasi\u00f3n perfecta para repasar espa\u00f1ol con tranquilidad, subsanar lagunas y ganar confianza de cara al pr\u00f3ximo trimestre. Nuestro curso intensivo de espa\u00f1ol en l\u00ednea para j\u00f3venes est\u00e1 dirigido a alumnos de toda Austria que deseen mejorar sus conocimientos de espa\u00f1ol, repasar la materia escolar o prepararse de forma espec\u00edfica para un examen de espa\u00f1ol.<\/p>\n<p>Las clases se imparten en l\u00ednea a trav\u00e9s de nuestra propia plataforma de aprendizaje y las imparten profesores nativos de Espa\u00f1a.<\/p>\n<h3>Cursos de vacaciones en febrero, Semana Santa y octubre<\/h3>\n<p>Nuestros cursos intensivos de espa\u00f1ol para j\u00f3venes se imparten en determinados periodos vacacionales:<\/p>\n<ul>\n<li>Vacaciones semestrales en febrero (Del 1 al 5 de febrero de 2027 &#8211; Del 8 al 12 de febrero de 2027 &#8211; Del 15 al 19 de febrero de 2027)<\/li>\n<li>Vacaciones de Semana Santa (del 20 al 26 de marzo de 2027)<\/li>\n<li>Vacaciones de oto\u00f1o en octubre (del 26 al 30 de octubre de 2026)<\/li>\n<\/ul>\n<h3>Clases de espa\u00f1ol online: c\u00f3modamente desde casa<\/h3>\n<p>Da igual si vives en Viena, Baja Austria, Alta Austria, Estiria, Tirol, Salzburgo, Carintia, Vorarlberg o Burgenland: nuestras clases de espa\u00f1ol est\u00e1n disponibles online en toda Austria.<\/p>\n<p>Los j\u00f3venes aprenden c\u00f3modamente desde casa y pueden aprovechar las vacaciones para mejorar de forma espec\u00edfica sus conocimientos de espa\u00f1ol.<\/p>\n<h3>\u00bfQu\u00e9 aporta el curso intensivo?<\/h3>\n<p>El curso ayuda a los j\u00f3venes a:<\/p>\n<ul>\n<li>repasar los contenidos de espa\u00f1ol estudados hasta ahora,<\/li>\n<li>consolidar la gram\u00e1tica y el vocabulario,<\/li>\n<li>superar las dudas y subsanar las lagunas de aprendizaje,<\/li>\n<li>mejorar la comprensi\u00f3n auditiva y lectora,<\/li>\n<li>ganar seguridad al hablar,<\/li>\n<li>prepararse de forma espec\u00edfica para los pr\u00f3ximos ex\u00e1menes,<br \/>\ny comenzar de nuevo con m\u00e1s confianza en s\u00ed mismos.<\/li>\n<li>Grupos reducidos con un m\u00e1ximo de 6 participantes para una atenci\u00f3n m\u00e1s personalizada y un aprendizaje activo.<\/li>\n<\/ul>\n<h3>Besonders sinnvoll vor einer Schularbeit<\/h3>\n<p>Eine Schularbeit steht bevor und der Spanischstoff sitzt noch nicht richtig?<\/p>\n<p>Im Intensivkurs k\u00f6nnen die Jugendlichen wichtige Themen wiederholen, gezielt \u00fcben und offene Fragen kl\u00e4ren. So wird aus den Ferien eine sinnvolle Lernpause, ohne dass der Schulstoff verloren geht.<\/p>\n<p><strong>Unser Ziel:<\/strong> Spanisch besser verstehen, sicherer anwenden und gut vorbereitet in die n\u00e4chste Schularbeit gehen.<\/p>\n<h3>Aprender con hablantes nativos de Espa\u00f1a<\/h3>\n<p>Der Unterricht wird von <strong>qualifizierten muttersprachlichen Lehrkr\u00e4ften aus Spanien<\/strong> durchgef\u00fchrt.<\/p>\n<p>So lernen die Jugendlichen nicht nur Grammatik und Vokabeln, sondern h\u00f6ren von Anfang an authentisches Spanisch und verbessern gleichzeitig ihre Aussprache und ihr Sprachgef\u00fchl.<\/p>\n<h3>Eigene Online-Lernplattform<\/h3>\n<p>Der gesamte Unterricht findet auf unserer <strong>eigenen Online-Lernplattform<\/strong> statt.<\/p>\n<p>Die Jugendlichen ben\u00f6tigen keine Anfahrt und k\u00f6nnen direkt von zu Hause am Unterricht teilnehmen. Die digitale Lernumgebung erm\u00f6glicht einen modernen, interaktiven Unterricht und konzentriertes Lernen in den Ferien.<\/p>\n<h3>F\u00fcr wen ist der Kurs geeignet?<\/h3>\n<p>Las clases las imparten profesores nativos cualificados procedentes de Espa\u00f1a.<\/p>\n<p>De este modo, los j\u00f3venes no solo aprenden gram\u00e1tica y vocabulario, sino que escuchan espa\u00f1ol aut\u00e9ntico desde el principio y, al mismo tiempo, mejoran su pronunciaci\u00f3n y su intuici\u00f3n ling\u00fc\u00edstica.<\/p>\n<p>Elige ahora el curso intensivo para las pr\u00f3ximas vacaciones y mejora de forma espec\u00edfica tus conocimientos de espa\u00f1ol. \u00a1Atenci\u00f3n! \u00a1Solo hay seis plazas por franja horaria!<\/p>\n","protected":false},"excerpt":{"rendered":"<p>Clases de espa\u00f1ol online para j\u00f3venes de toda Austria. Cursos intensivos durante las vacaciones, preparaci\u00f3n de ex\u00e1menes, grupos reducidos con un m\u00e1ximo de 6 alumnos.<\/p>\n<div class=\"wp-block-buttons\">\n<div class=\"wp-block-button is-style-arrow-link\"><a class=\"wp-block-button__link\" href=\"https:\/\/www.elebe.at\/es\/cursos\/spanisch-nachhilfe-online-fuer-jugendliche\/\">Leer m\u00e1s&#8230;<\/a><\/div>\n<\/div>\n","protected":false},"featured_media":0,"template":"","meta":{"_acf_changed":false},"product_cat":[1389,121],"product_tag":[1526],"class_list":{"0":"post-21319","1":"product","2":"type-product","3":"status-publish","5":"product_cat-jovenes","6":"product_cat-online-con-profe","7":"product_tag-jovenes","8":"pa_dia-de-la-semana-de-lunes-a-viernes","9":"pa_fecha-de-inicio-febrero-2027","10":"pa_fecha-de-inicio-marzo-2027","11":"pa_fecha-de-inicio-octubre-2026","12":"pa_horario-manana-es","13":"pa_horario-tarde-es","14":"pa_nivel-a1","15":"pa_nivel-a1-1","16":"pa_nivel-a1-2","17":"pa_nivel-a2","18":"pa_nivel-a2-1","19":"pa_nivel-a2-2","20":"pa_nivel-b1","21":"pa_nivel-b1-1","22":"pa_nivel-b1-2","23":"pa_nivel-b2","24":"pa_nivel-b2-1","25":"pa_nivel-b2-2","26":"pa_nivel-c1","27":"pa_nivel-c1-1","28":"pa_nivel-c1-2","29":"idioma-espanol","30":"fecha_inicio-febrero-2027","31":"fecha_inicio-marzo-2027","32":"fecha_inicio-octubre-2026","33":"tm-no-options","35":"first","36":"instock","37":"sold-individually","38":"shipping-taxable","39":"purchasable","40":"product-type-variable"},"acf":[],"_links":{"self":[{"href":"https:\/\/www.elebe.at\/es\/wp-json\/wp\/v2\/product\/21319","targetHints":{"allow":["GET"]}}],"collection":[{"href":"https:\/\/www.elebe.at\/es\/wp-json\/wp\/v2\/product"}],"about":[{"href":"https:\/\/www.elebe.at\/es\/wp-json\/wp\/v2\/types\/product"}],"wp:attachment":[{"href":"https:\/\/www.elebe.at\/es\/wp-json\/wp\/v2\/media?parent=21319"}],"wp:term":[{"taxonomy":"product_cat","embeddable":true,"href":"https:\/\/www.elebe.at\/es\/wp-json\/wp\/v2\/product_cat?post=21319"},{"taxonomy":"product_tag","embeddable":true,"href":"https:\/\/www.elebe.at\/es\/wp-json\/wp\/v2\/product_tag?post=21319"}],"curies":[{"name":"wp","href":"https:\/\/api.w.org\/{rel}","templated":true}]}}

Español online para jóvenes

<h2>Curso intensivo de español durante las vacaciones: online para jóvenes de toda Austria</h2>
<p>Aprender español de forma intensiva durante las vacaciones: clases online para jóvenes de toda Austria</p>
<p>Clases particulares de español online para jóvenes: aprender de forma específica, ponerse al día con el temario y afrontar el próximo examen con una buena preparación.</p>
<p>Las vacaciones son la ocasión perfecta para repasar español con tranquilidad, subsanar lagunas y ganar confianza de cara al próximo trimestre. Nuestro curso intensivo de español en línea para jóvenes está dirigido a alumnos de toda Austria que deseen mejorar sus conocimientos de español, repasar la materia escolar o prepararse de forma específica para un examen de español.</p>
<p>Las clases se imparten en línea a través de nuestra propia plataforma de aprendizaje y las imparten profesores nativos de España.</p>
<h3>Cursos de vacaciones en febrero, Semana Santa y octubre</h3>
<p>Nuestros cursos intensivos de español para jóvenes se imparten en determinados periodos vacacionales:</p>
<ul>
<li>Vacaciones semestrales en febrero (Del 1 al 5 de febrero de 2027 &#8211; Del 8 al 12 de febrero de 2027 &#8211; Del 15 al 19 de febrero de 2027)</li>
<li>Vacaciones de Semana Santa (del 20 al 26 de marzo de 2027)</li>
<li>Vacaciones de otoño en octubre (del 26 al 30 de octubre de 2026)</li>
</ul>
<h3>Clases de español online: cómodamente desde casa</h3>
<p>Da igual si vives en Viena, Baja Austria, Alta Austria, Estiria, Tirol, Salzburgo, Carintia, Vorarlberg o Burgenland: nuestras clases de español están disponibles online en toda Austria.</p>
<p>Los jóvenes aprenden cómodamente desde casa y pueden aprovechar las vacaciones para mejorar de forma específica sus conocimientos de español.</p>
<h3>¿Qué aporta el curso intensivo?</h3>
<p>El curso ayuda a los jóvenes a:</p>
<ul>
<li>repasar los contenidos de español estudados hasta ahora,</li>
<li>consolidar la gramática y el vocabulario,</li>
<li>superar las dudas y subsanar las lagunas de aprendizaje,</li>
<li>mejorar la comprensión auditiva y lectora,</li>
<li>ganar seguridad al hablar,</li>
<li>prepararse de forma específica para los próximos exámenes,<br />
y comenzar de nuevo con más confianza en sí mismos.</li>
<li>Grupos reducidos con un máximo de 6 participantes para una atención más personalizada y un aprendizaje activo.</li>
</ul>
<h3>Besonders sinnvoll vor einer Schularbeit</h3>
<p>Eine Schularbeit steht bevor und der Spanischstoff sitzt noch nicht richtig?</p>
<p>Im Intensivkurs können die Jugendlichen wichtige Themen wiederholen, gezielt üben und offene Fragen klären. So wird aus den Ferien eine sinnvolle Lernpause, ohne dass der Schulstoff verloren geht.</p>
<p><strong>Unser Ziel:</strong> Spanisch besser verstehen, sicherer anwenden und gut vorbereitet in die nächste Schularbeit gehen.</p>
<h3>Aprender con hablantes nativos de España</h3>
<p>Der Unterricht wird von <strong>qualifizierten muttersprachlichen Lehrkräften aus Spanien</strong> durchgeführt.</p>
<p>So lernen die Jugendlichen nicht nur Grammatik und Vokabeln, sondern hören von Anfang an authentisches Spanisch und verbessern gleichzeitig ihre Aussprache und ihr Sprachgefühl.</p>
<h3>Eigene Online-Lernplattform</h3>
<p>Der gesamte Unterricht findet auf unserer <strong>eigenen Online-Lernplattform</strong> statt.</p>
<p>Die Jugendlichen benötigen keine Anfahrt und können direkt von zu Hause am Unterricht teilnehmen. Die digitale Lernumgebung ermöglicht einen modernen, interaktiven Unterricht und konzentriertes Lernen in den Ferien.</p>
<h3>Für wen ist der Kurs geeignet?</h3>
<p>Las clases las imparten profesores nativos cualificados procedentes de España.</p>
<p>De este modo, los jóvenes no solo aprenden gramática y vocabulario, sino que escuchan español auténtico desde el principio y, al mismo tiempo, mejoran su pronunciación y su intuición lingüística.</p>
<p>Elige ahora el curso intensivo para las próximas vacaciones y mejora de forma específica tus conocimientos de español. ¡Atención! ¡Solo hay seis plazas por franja horaria!</p>

<p>Clases de español online para jóvenes de toda Austria. Cursos intensivos durante las vacaciones, preparación de exámenes, grupos reducidos con un máximo de 6 alumnos.</p>
<div class="wp-block-buttons">
<div class="wp-block-button is-style-arrow-link"><a class="wp-block-button__link" href="https://www.elebe.at/es/cursos/spanisch-nachhilfe-online-fuer-jugendliche/">Leer más&#8230;</a></div>
</div>
